{"id":37,"date":"2017-12-01T22:13:46","date_gmt":"2017-12-01T22:13:46","guid":{"rendered":"http:\/\/actuum.ch\/?page_id=37"},"modified":"2025-05-06T08:31:43","modified_gmt":"2025-05-06T08:31:43","slug":"contact","status":"publish","type":"page","link":"http:\/\/actuum.ch\/","title":{"rendered":"profile"},"content":{"rendered":"<h1><a href=\"http:\/\/www.dansedanzatanz.ch\/\">DANSE DANZA TANZ!<\/a><\/h1>\n<p><strong>contact: <br \/><\/strong>Toma P\u00e9ronnet, Zurich<br \/>year of creation: 2017<br \/>based in Zurich\/Switzerland<\/p>\n<h3>\u00a0<\/h3>\n\n\n<p>Photo 3rd edition 2023 Th\u00e9\u00e2tre du Jura Del\u00e9mont june 11<br><\/p>\n","protected":false},"excerpt":{"rendered":"<p>DANSE DANZA TANZ! contact: Toma P\u00e9ronnet, Zurichyear of creation: 2017based in Zurich\/Switzerland \u00a0 Photo 3rd edition 2023 Th\u00e9\u00e2tre du Jura Del\u00e9mont june 11<\/p>\n","protected":false},"author":1,"featured_media":0,"parent":0,"menu_order":0,"comment_status":"closed","ping_status":"closed","template":"","meta":{"footnotes":""},"class_list":["post-37","page","type-page","status-publish","hentry"],"_links":{"self":[{"href":"http:\/\/actuum.ch\/index.php?rest_route=\/wp\/v2\/pages\/37","targetHints":{"allow":["GET"]}}],"collection":[{"href":"http:\/\/actuum.ch\/index.php?rest_route=\/wp\/v2\/pages"}],"about":[{"href":"http:\/\/actuum.ch\/index.php?rest_route=\/wp\/v2\/types\/page"}],"author":[{"embeddable":true,"href":"http:\/\/actuum.ch\/index.php?rest_route=\/wp\/v2\/users\/1"}],"replies":[{"embeddable":true,"href":"http:\/\/actuum.ch\/index.php?rest_route=%2Fwp%2Fv2%2Fcomments&post=37"}],"version-history":[{"count":84,"href":"http:\/\/actuum.ch\/index.php?rest_route=\/wp\/v2\/pages\/37\/revisions"}],"predecessor-version":[{"id":800,"href":"http:\/\/actuum.ch\/index.php?rest_route=\/wp\/v2\/pages\/37\/revisions\/800"}],"wp:attachment":[{"href":"http:\/\/actuum.ch\/index.php?rest_route=%2Fwp%2Fv2%2Fmedia&parent=37"}],"curies":[{"name":"wp","href":"https:\/\/api.w.org\/{rel}","templated":true}]}}